{"id":2227,"date":"2018-01-19T11:21:56","date_gmt":"2018-01-19T10:21:56","guid":{"rendered":"https:\/\/www.acsl.be\/?page_id=2227"},"modified":"2018-02-13T14:36:53","modified_gmt":"2018-02-13T13:36:53","slug":"quitter-votre-logement","status":"publish","type":"page","link":"https:\/\/acsl.be\/?page_id=2227","title":{"rendered":"Quitter votre logement"},"content":{"rendered":"<p>Le locataire peut mettre <strong>fin<\/strong>\u00a0<strong>au contrat de bail<\/strong>\u00a0<strong>\u00e0 tout moment<\/strong>, moyennant un cong\u00e9 de<strong> trois mois<\/strong> \u00e0 nous signaler par courrier recommand\u00e9 et prenant cours le 1er jour du mois qui suit la date de r\u00e9ception de votre courrier.<\/p>\n<p>Notre service technique conviendra avec vous d\u2019une date de visite pour l\u2019<strong>\u00e9tat des lieux<\/strong> de sortie. L\u2019\u00e9tat des lieux est r\u00e9alis\u00e9 quand tout votre mobilier est enlev\u00e9 et d\u00e9crit l\u2019\u00e9tat de votre logement avant votre d\u00e9part. Le constat d\u2019\u00e9tat des lieux est sign\u00e9 par vous et par un repr\u00e9sentant de la soci\u00e9t\u00e9. Il est compar\u00e9 \u00e0 l\u2019\u00e9tat des lieux d\u2019entr\u00e9e et fixe les \u00e9ventuels frais de remise en \u00e9tat. Toutes les cl\u00e9s sont remises lors de l\u2019\u00e9tat des lieux<\/p>\n","protected":false},"excerpt":{"rendered":"<p>Le locataire peut mettre fin\u00a0au contrat de bail\u00a0\u00e0 tout moment, moyennant un cong\u00e9 de trois mois \u00e0 nous signaler par courrier recommand\u00e9 et prenant cours le 1er jour du mois qui suit la date de r\u00e9ception de votre courrier. Notre service technique conviendra avec vous d\u2019une date de visite pour l\u2019\u00e9tat des lieux de sortie. L\u2019\u00e9tat des lieux est r\u00e9alis\u00e9&nbsp;<a href=\"https:\/\/acsl.be\/?page_id=2227\" class=\"read-more\">Lire la suite<\/a><\/p>\n","protected":false},"author":1,"featured_media":0,"parent":2051,"menu_order":0,"comment_status":"closed","ping_status":"closed","template":"page-fullwidth.php","meta":{"footnotes":""},"class_list":["post-2227","page","type-page","status-publish","hentry"],"_links":{"self":[{"href":"https:\/\/acsl.be\/index.php?rest_route=\/wp\/v2\/pages\/2227","targetHints":{"allow":["GET"]}}],"collection":[{"href":"https:\/\/acsl.be\/index.php?rest_route=\/wp\/v2\/pages"}],"about":[{"href":"https:\/\/acsl.be\/index.php?rest_route=\/wp\/v2\/types\/page"}],"author":[{"embeddable":true,"href":"https:\/\/acsl.be\/index.php?rest_route=\/wp\/v2\/users\/1"}],"replies":[{"embeddable":true,"href":"https:\/\/acsl.be\/index.php?rest_route=%2Fwp%2Fv2%2Fcomments&post=2227"}],"version-history":[{"count":2,"href":"https:\/\/acsl.be\/index.php?rest_route=\/wp\/v2\/pages\/2227\/revisions"}],"predecessor-version":[{"id":2463,"href":"https:\/\/acsl.be\/index.php?rest_route=\/wp\/v2\/pages\/2227\/revisions\/2463"}],"up":[{"embeddable":true,"href":"https:\/\/acsl.be\/index.php?rest_route=\/wp\/v2\/pages\/2051"}],"wp:attachment":[{"href":"https:\/\/acsl.be\/index.php?rest_route=%2Fwp%2Fv2%2Fmedia&parent=2227"}],"curies":[{"name":"wp","href":"https:\/\/api.w.org\/{rel}","templated":true}]}}